igit of 735?
3
What is the units digit of 13?
3
What is the units digit of 21354?
4
What is the tens digit of 96?
9
What is the thousands digit of 11615?
1
What is the ten thousands digit of 19207?
1
What is the thousands digit of 147702?
7
What is the hundreds digit of 8188?
1
What is the units digit of 1461?
1
What is the units digit of 4453?
3
What is the thousands digit of 14431?
4
What is the tens digit of 984?
8
What is the hundreds digit of 3861?
8
What is the units digit of 10624?
4
What is the units digit of 15531?
1
What is the hundreds digit of 745?
7
What is the units digit of 377?
7
What is the ten thousands digit of 19003?
1
What is the hundreds digit of 13776?
7
What is the hundreds digit of 1117?
1
What is the thousands digit of 11436?
1
What is the units digit of 3607?
7
What is the hundreds digit of 1008?
0
What is the units digit of 79354?
4
What is the tens digit of 70217?
1
What is the hundreds digit of 2621?
6
What is the thousands digit of 38956?
8
What is the units digit of 805?
5
What is the tens digit of 2934?
3
What is the units digit of 2477?
7
What is the hundreds digit of 10252?
2
What is the hundreds digit of 4862?
8
What is the units digit of 56482?
2
What is the thousands digit of 1191?
1
What is the units digit of 591?
1
What is the hundreds digit of 909?
9
What is the ten thousands digit of 10395?
1
What is the thousands digit of 26171?
6
What is the hundreds digit of 11986?
9
What is the ten thousands digit of 12965?
1
What is the tens digit of 762?
6
What is the tens digit of 16758?
5
What is the thousands digit of 1944?
1
What is the units digit of 953?
3
What is the tens digit of 4049?
4
What is the hundreds digit of 20443?
4
What is the tens digit of 18854?
5
What is the hundreds digit of 3819?
8
What is the units digit of 286?
6
What is the hundreds digit of 86028?
0
What is the tens digit of 9316?
1
What is the units digit of 25688?
8
What is the thousands digit of 64948?
4
What is the units digit of 2052?
2
What is the units digit of 179?
9
What is the tens digit of 82712?
1
What is the thousands digit of 52835?
2
What is the ten thousands digit of 22833?
2
What is the tens digit of 1658?
5
What is the units digit of 3673?
3
What is the tens digit of 16182?
8
What is the tens digit of 4500?
0
What is the units digit of 33?
3
What is the thousands digit of 6354?
6
What is the hundreds digit of 1211?
2
What is the thousands digit of 2816?
2
What is the units digit of 88?
8
What is the hundreds digit of 18446?
4
What is the thousands digit of 87028?
7
What is the thousands digit of 124587?
4
What is the tens digit of 16964?
6
What is the tens digit of 607?
0
What is the units digit of 5253?
3
What is the hundreds digit of 2279?
2
What is the units digit of 725?
5
What is the thousands digit of 2471?
2
What is the hundreds digit of 412?
4
What is the units digit of 3341?
1
What is the tens digit of 772?
7
What is the hundreds digit of 395?
3
What is the tens digit of 7773?
7
What is the thousands digit of 3679?
3
What is the thousands digit of 21450?
1
What is the thousands digit of 34969?
4
What is the units digit of 4750?
0
What is the hundreds digit of 644?
6
What is the thousands digit of 27460?
7
What is the thousands digit of 1680?
1
What is the units digit of 1072?
2
What is the thousands digit of 86371?
6
What is the tens digit of 4071?
7
What is the tens digit of 6727?
2
What is the units digit of 742?
2
What is the tens digit of 28035?
3
What is the units digit of 1126?
6
What is the thousands digit of 9808?
9
What is the tens digit of 207?
0
What is the tens digit of 957?
5
What is the hundreds digit of 1460?
4
What is the tens digit of 40801?
0
What is the ten thousands digit of 68067?
6
What is the hundreds digit of 5683?
6
What is the tens digit of 4769?
6
What is the tens digit of 4800?
0
What is the units digit of 46266?
6
What is the hundreds digit of 1125?
1
What is the units digit of 3241?
1
What is the units digit of 30651?
1
What is the units digit of 63?
3
What is the units digit of 44375?
5
What is the tens digit of 258?
5
What is the hundreds digit of 17931?
9
What is the tens digit of 18915?
1
What is the hundred thousands digit of 141439?
1
What is the hundreds digit of 582?
5
What is the units digit of 567?
7
What is the hundreds digit of 1054?
0
What is the tens digit of 8848?
4
What is the hundreds digit of 156312?
3
What is the ten thousands digit of 91426?
9
What is the tens digit of 747?
4
What is the thousands digit of 8600?
8
What is the hundreds digit of 219?
2
What is the hundreds digit of 729?
7
What is the tens digit of 20253?
5
What is the units digit of 31545?
5
What is the tens digit of 2113?
1
What is the tens digit of 17020?
2
What is the units digit of 54248?
8
What is the units digit of 2707?
7
What is the units digit of 669?
9
What is the ten thousands digit of 34176?
3
What is the hundreds digit of 25906?
9
What is the hundreds digit of 48125?
1
What is the tens digit of 10801?
0
What is the thousands digit of 14479?
4
What is the hundreds digit of 814?
8
What is the thousands digit of 2646?
2
What is the units digit of 5404?
4
What is the units digit of 10897?
7
What is the units digit of 307?
7
What is the thousands digit of 9238?
9
What is the tens digit of 9256?
5
What is the tens digit of 15752?
5
What is the tens digit of 526?
2
What is the hundreds digit of 1029?
0
What is the units digit of 18503?
3
What is the units digit of 1216?
6
What is the tens digit of 30250?
5
What is the thousands digit of 1895?
1
What is the thousands digit of 1762?
1
What is the ten thousands digit of 28322?
2
What is the tens digit of 1648?
4
What is the thousands digit of 60639?
0
What is the hundreds digit of 60844?
8
What is the tens digit of 676?
7
What is the units digit of 6472?
2
What is the units digit of 8504?
4
What is the thousands digit of 1830?
1
What is the hundreds digit of 137?
1
What is the tens digit of 1292?
9
What is the ten thousands digit of 27379?
2
What is the units digit of 8605?
5
What is the tens digit of 1202?
0
What is the hundreds digit of 393?
3
What is the units digit of 6919?
9
What is the tens digit of 853?
5
What is the tens digit of 21759?
5
What is the units digit of 773?
3
What is the thousands digit of 1675?
1
What is the tens digit of 94?
9
What is the thousands digit of 51328?
1
What is the thousands digit of 1768?
1
What is the tens digit of 333?
3
What is the units digit of 118335?
5
What is the tens digit of 727?
2
What is the units digit of 361?
1
What is the units digit of 57031?
1
What is the units digit of 3148?
8
What is the hundreds digit of 34411?
4
What is the hundreds digit of 32109?
1
What is the tens digit of 7645?
4
What is the thousands digit of 1792?
1
What is the tens digit of 7118?
1
What is the hundreds digit of 10943?
9
What is the tens digit of 2219?
1
What is the tens digit of 27546?
4
What is the hundreds digit of 8675?
6
What is the hundreds digit of 2282?
2
What is the tens digit of 1410?
1
What is the thousands digit of 5393?
5
What is the hundreds digit of 8820?
8
What is the hundreds digit of 469?
4
What is the units digit of 7844?
4
What is the thousands digit of 30320?
0
What is the thousands digit of 37445?
7
What is the hundreds digit of 8607?
6
What is the tens digit of 13529?
2
What is the units digit of 141749?
9
What is the ten thousands digit of 119428?
1
What is the tens digit of 2975?
7
What is the units digit of 3339?
9
What is the hundreds digit of 9657?
6
What is the thousands digit of 2300?
2
What is the units digit of 30158?
8
What is the hundreds digit of 799?
7
What is the thousands digit of 19793?
9
What is the tens digit of 1192?
9
What is the units digit of 24471?
1
What is the ten thousands digit of 19622?
1
What is the units digit of 36299?
9
What is the units digit of 7253?
3
What is the hundreds digit of 3692?
6
What is the units digit of 8662?
2
What is the hundreds digit of 141747?
7
What is the units digit of 63?
3
What is the tens digit of 1134?
3
What is the units digit of 2651?
1
What is the units digit of 276?
6
What is the tens digit of 4381?
8
What is the tens digit of 26017?
1
What is the tens digit of 348?
4
What is the hundreds digit of 4392?
3
What is the units 